ds digit of 129690053?
0
What is the hundreds digit of 736900058?
0
What is the billions digit of 1432515115?
1
What is the hundred millions digit of 2637505632?
6
What is the millions digit of 463454975?
3
What is the tens digit of 13417680?
8
What is the ten millions digit of 3297491417?
9
What is the ten thousands digit of 1534649143?
4
What is the thousands digit of 5364368983?
8
What is the thousands digit of 1722028952?
8
What is the thousands digit of 265359280?
9
What is the millions digit of 565608904?
5
What is the millions digit of 284001158?
4
What is the millions digit of 865655144?
5
What is the ten millions digit of 132371509?
3
What is the hundred millions digit of 2045420496?
0
What is the hundreds digit of 210360836?
8
What is the millions digit of 2311669245?
1
What is the hundred thousands digit of 40708386?
7
What is the millions digit of 72930908?
2
What is the hundreds digit of 78410538?
5
What is the thousands digit of 41791055?
1
What is the millions digit of 74933586?
4
What is the hundred millions digit of 6940882942?
9
What is the hundred millions digit of 228379801?
2
What is the hundreds digit of 200403435?
4
What is the thousands digit of 88217143?
7
What is the hundreds digit of 1485728044?
0
What is the tens digit of 3883170031?
3
What is the hundred thousands digit of 1478426746?
4
What is the tens digit of 180894507?
0
What is the hundred thousands digit of 1947062613?
0
What is the ten millions digit of 1908268157?
0
What is the ten millions digit of 381938617?
8
What is the tens digit of 987223?
2
What is the millions digit of 15517092?
5
What is the hundred thousands digit of 4154791365?
7
What is the ten thousands digit of 239496567?
9
What is the hundred millions digit of 4602033068?
6
What is the ten millions digit of 469464721?
6
What is the hundred millions digit of 1755764040?
7
What is the hundreds digit of 3687568701?
7
What is the millions digit of 354847849?
4
What is the units digit of 291138301?
1
What is the units digit of 149214629?
9
What is the tens digit of 2668929878?
7
What is the thousands digit of 1537461308?
1
What is the tens digit of 4536754?
5
What is the ten millions digit of 528273619?
2
What is the millions digit of 126114534?
6
What is the millions digit of 732109041?
2
What is the hundred millions digit of 119350778?
1
What is the hundred thousands digit of 2322392158?
3
What is the thousands digit of 3577624922?
4
What is the thousands digit of 117435887?
5
What is the hundreds digit of 32852118?
1
What is the units digit of 458582257?
7
What is the ten millions digit of 47202538?
4
What is the thousands digit of 539185972?
5
What is the units digit of 362693530?
0
What is the tens digit of 130084042?
4
What is the hundred thousands digit of 464687359?
6
What is the hundred millions digit of 658796830?
6
What is the tens digit of 869672600?
0
What is the thousands digit of 696197523?
7
What is the ten millions digit of 1624708626?
2
What is the ten millions digit of 559215094?
5
What is the millions digit of 27465906?
7
What is the tens digit of 57871284?
8
What is the ten thousands digit of 77566208?
6
What is the ten millions digit of 461221364?
6
What is the hundred thousands digit of 266716154?
7
What is the units digit of 744602381?
1
What is the hundreds digit of 327492428?
4
What is the millions digit of 437294049?
7
What is the tens digit of 85980947?
4
What is the tens digit of 32327029?
2
What is the hundred millions digit of 3535724071?
5
What is the thousands digit of 114280662?
0
What is the units digit of 3147555431?
1
What is the millions digit of 123859534?
3
What is the hundred millions digit of 261227710?
2
What is the thousands digit of 32041318?
1
What is the hundred millions digit of 4154579577?
1
What is the ten millions digit of 293259303?
9
What is the ten thousands digit of 166101210?
0
What is the millions digit of 64746740?
4
What is the hundred millions digit of 190912903?
1
What is the hundreds digit of 137402542?
5
What is the millions digit of 51368953?
1
What is the thousands digit of 432864434?
4
What is the millions digit of 3343362666?
3
What is the millions digit of 2035358447?
5
What is the hundred thousands digit of 321487221?
4
What is the ten thousands digit of 7385539662?
3
What is the ten millions digit of 1069125368?
6
What is the hundred thousands digit of 166181111?
1
What is the hundred thousands digit of 86611268?
6
What is the units digit of 1574673397?
7
What is the hundred thousands digit of 99634061?
6
What is the units digit of 3134704381?
1
What is the tens digit of 546823997?
9
What is the units digit of 3465795538?
8
What is the thousands digit of 805462449?
2
What is the hundred thousands digit of 193380865?
3
What is the ten thousands digit of 59231453?
3
What is the hundred thousands digit of 2354125?
3
What is the millions digit of 962188322?
2
What is the hundred thousands digit of 215231945?
2
What is the ten millions digit of 22673509?
2
What is the ten thousands digit of 42689739?
8
What is the ten millions digit of 164364517?
6
What is the hundreds digit of 29746024?
0
What is the units digit of 25423683?
3
What is the tens digit of 69617383?
8
What is the ten millions digit of 625340079?
2
What is the thousands digit of 85345791?
5
What is the hundreds digit of 82340232?
2
What is the thousands digit of 284106629?
6
What is the hundreds digit of 104803092?
0
What is the hundred millions digit of 513899518?
5
What is the tens digit of 33111353?
5
What is the ten thousands digit of 205298879?
9
What is the thousands digit of 501643088?
3
What is the hundred thousands digit of 140708611?
7
What is the ten thousands digit of 1292973743?
7
What is the thousands digit of 49119190?
9
What is the millions digit of 1643117226?
3
What is the hundreds digit of 3348235240?
2
What is the ten thousands digit of 802467?
0
What is the hundreds digit of 37767547?
5
What is the hundreds digit of 61200678?
6
What is the thousands digit of 46005121?
5
What is the units digit of 62074975?
5
What is the ten millions digit of 624464170?
2
What is the billions digit of 1126964274?
1
What is the ten millions digit of 1680743264?
8
What is the ten millions digit of 899050729?
9
What is the tens digit of 3788314989?
8
What is the hundred millions digit of 243712330?
2
What is the tens digit of 13712406?
0
What is the tens digit of 51572737?
3
What is the hundreds digit of 31528413?
4
What is the ten thousands digit of 80554586?
5
What is the ten millions digit of 387553244?
8
What is the tens digit of 71799043?
4
What is the ten millions digit of 71437881?
7
What is the hundred millions digit of 435755385?
4
What is the ten thousands digit of 2293722051?
2
What is the tens digit of 56416038?
3
What is the millions digit of 45609969?
5
What is the hundred thousands digit of 178504157?
5
What is the ten millions digit of 2219024188?
1
What is the tens digit of 2476418505?
0
What is the millions digit of 36554065?
6
What is the ten millions digit of 318929794?
1
What is the hundred millions digit of 513180501?
5
What is the hundred millions digit of 236491364?
2
What is the hundred millions digit of 2381333496?
3
What is the millions digit of 30872947?
0
What is the hundred millions digit of 493941101?
4
What is the hundreds digit of 867340783?
7
What is the hundred millions digit of 517674699?
5
What is the hundred millions digit of 113241999?
1
What is the tens digit of 587183735?
3
What is the ten thousands digit of 196640099?
4
What is the ten thousands digit of 24087077?
8
What is the tens digit of 94789478?
7
What is the millions digit of 15419113?
5
What is the ten millions digit of 3187572135?
8
What is the tens digit of 428863097?
9
What is the hundred thousands digit of 1009356193?
3
What is the ten thousands digit of 3994818417?
1
What is the hundred millions digit of 272178743?
2
What is the ten millions digit of 110143219?
1
What is the hundred thousands digit of 14210293?
2
What is the millions digit of 15063779?
5
What is the thousands digit of 2167593165?
3
What is the hundreds digit of 318204318?
3
What is the hundred millions digit of 120590379?
1
What is the tens digit of 98334786?
8
What is the hundred millions digit